{"id":51,"date":"2017-01-15T17:15:13","date_gmt":"2017-01-15T16:15:13","guid":{"rendered":"http:\/\/urlaub-leitner.at\/wordpress\/?page_id=51"},"modified":"2025-01-08T14:52:41","modified_gmt":"2025-01-08T13:52:41","slug":"appartements","status":"publish","type":"page","link":"https:\/\/urlaub-leitner.at\/wordpress\/index.php\/appartements\/","title":{"rendered":"Appartements"},"content":{"rendered":"\n<h3 class=\"wp-block-heading\">&nbsp;<\/h3>\n\n\n<div class=\"wp-block-image\">\n<figure class=\"alignleft\"><a href=\"http:\/\/urlaub-leitner.at\/wordpress\/wp-content\/uploads\/2017\/01\/Haus-von-vorne.jpg\" target=\"_blank\" rel=\"noopener\"><img loading=\"lazy\" decoding=\"async\" width=\"1000\" height=\"750\" src=\"http:\/\/urlaub-leitner.at\/wordpress\/wp-content\/uploads\/2017\/01\/Haus-von-vorne.jpg\" alt=\"\" class=\"wp-image-59\" srcset=\"https:\/\/urlaub-leitner.at\/wordpress\/wp-content\/uploads\/2017\/01\/Haus-von-vorne.jpg 1000w, https:\/\/urlaub-leitner.at\/wordpress\/wp-content\/uploads\/2017\/01\/Haus-von-vorne-300x225.jpg 300w, https:\/\/urlaub-leitner.at\/wordpress\/wp-content\/uploads\/2017\/01\/Haus-von-vorne-768x576.jpg 768w\" sizes=\"auto, (max-width: 1000px) 100vw, 1000px\" \/><\/a><\/figure>\n<\/div>\n\n\n<p><\/p>\n\n\n\n<p class=\"has-text-align-left\">Alle Appartements sind zweckm\u00e4\u00dfig, gem\u00fctlich und gleichzeitig charmant in rustikalen Stil komplett eingerichtet.<\/p>\n\n\n\n<p>W\u00e4hlen Sie einfach nach ihren W\u00fcnschen die Gr\u00f6\u00dfe der Appartements.<\/p>\n\n\n\n<h3 class=\"wp-block-heading\">&nbsp;<\/h3>\n\n\n\n<h3 class=\"wp-block-heading\"><strong>56 m\u00b2 Appartement f\u00fcr 4-7 Personen mit Balkon<\/strong><\/h3>\n\n\n\n<figure class=\"wp-block-image\"><a href=\"http:\/\/urlaub-leitner.at\/wordpress\/wp-content\/uploads\/2017\/01\/Wohnung-4-7.jpg\" target=\"_blank\" rel=\"noopener\"><img decoding=\"async\" src=\"http:\/\/urlaub-leitner.at\/wordpress\/wp-content\/uploads\/2017\/01\/Wohnung-4-7.jpg\" alt=\"\" class=\"wp-image-94\"\/><\/a><\/figure>\n\n\n<div class=\"wp-block-image\">\n<figure class=\"alignright\"><a href=\"http:\/\/urlaub-leitner.at\/wordpress\/wp-content\/uploads\/2017\/01\/App-1-Couch-2.jpg\" target=\"_blank\" rel=\"noopener\"><img loading=\"lazy\" decoding=\"async\" width=\"300\" height=\"225\" src=\"http:\/\/urlaub-leitner.at\/wordpress\/wp-content\/uploads\/2017\/01\/App-1-Couch-2-300x225.jpg\" alt=\"\" class=\"wp-image-82\" srcset=\"https:\/\/urlaub-leitner.at\/wordpress\/wp-content\/uploads\/2017\/01\/App-1-Couch-2-300x225.jpg 300w, https:\/\/urlaub-leitner.at\/wordpress\/wp-content\/uploads\/2017\/01\/App-1-Couch-2-768x576.jpg 768w, https:\/\/urlaub-leitner.at\/wordpress\/wp-content\/uploads\/2017\/01\/App-1-Couch-2.jpg 1000w\" sizes=\"auto, (max-width: 300px) 100vw, 300px\" \/><\/a><\/figure>\n<\/div>\n\n\n<p><\/p>\n\n\n\n<p class=\"has-text-align-right\">2 Doppelzimmer Wohn-Schlafraum mit ausziehbarer Couchecke zum Doppelbett und eine Einzel Schlafcouch<br>K\u00fcchenzeile gut ausgestattet mit Geschirrsp\u00fcler, Mikrowelle, Herd, usw.<br>Gem\u00fctliche Essecke<br>SAT-TV und Radio, Badezimmer mit Dusche und WC<\/p>\n\n\n\n<p class=\"has-text-align-right\"><a href=\"http:\/\/urlaub-leitner.at\/wordpress\/wp-content\/uploads\/2024\/11\/Plan-FeWos-web.jpg\" target=\"_blank\" rel=\"noopener\">&#8211; siehe &#8222;gr\u00fcne Wohnung&#8220; auf dem Plan &#8211;<\/a><\/p>\n\n\n\n<h3 class=\"wp-block-heading\"><strong>50 m\u00b2 Appartement f\u00fcr 2-5 Personen mit Balkon<\/strong><\/h3>\n\n\n\n<figure class=\"wp-block-image\"><a href=\"http:\/\/urlaub-leitner.at\/wordpress\/wp-content\/uploads\/2017\/01\/Wohnung-2-5.jpg\" target=\"_blank\" rel=\"noopener\"><img loading=\"lazy\" decoding=\"async\" width=\"906\" height=\"225\" src=\"http:\/\/urlaub-leitner.at\/wordpress\/wp-content\/uploads\/2017\/01\/Wohnung-2-5.jpg\" alt=\"\" class=\"wp-image-107\" srcset=\"https:\/\/urlaub-leitner.at\/wordpress\/wp-content\/uploads\/2017\/01\/Wohnung-2-5.jpg 906w, https:\/\/urlaub-leitner.at\/wordpress\/wp-content\/uploads\/2017\/01\/Wohnung-2-5-300x75.jpg 300w, https:\/\/urlaub-leitner.at\/wordpress\/wp-content\/uploads\/2017\/01\/Wohnung-2-5-768x191.jpg 768w\" sizes=\"auto, (max-width: 906px) 100vw, 906px\" \/><\/a><\/figure>\n\n\n<div class=\"wp-block-image\">\n<figure class=\"alignleft\"><a href=\"http:\/\/urlaub-leitner.at\/wordpress\/wp-content\/uploads\/2017\/01\/App-2-Couch.jpg\" target=\"_blank\" rel=\"noopener\"><img loading=\"lazy\" decoding=\"async\" width=\"300\" height=\"225\" src=\"http:\/\/urlaub-leitner.at\/wordpress\/wp-content\/uploads\/2017\/01\/App-2-Couch-300x225.jpg\" alt=\"\" class=\"wp-image-106\" srcset=\"https:\/\/urlaub-leitner.at\/wordpress\/wp-content\/uploads\/2017\/01\/App-2-Couch-300x225.jpg 300w, https:\/\/urlaub-leitner.at\/wordpress\/wp-content\/uploads\/2017\/01\/App-2-Couch-768x576.jpg 768w, https:\/\/urlaub-leitner.at\/wordpress\/wp-content\/uploads\/2017\/01\/App-2-Couch.jpg 1000w\" sizes=\"auto, (max-width: 300px) 100vw, 300px\" \/><\/a><\/figure>\n<\/div>\n\n\n<p><\/p>\n\n\n\n<p class=\"has-text-align-left\">1 Zimmer mit Etagenbetten<br>1 Wohnschlafraum mit Doppelbett, Wohnlandschaft mit Einzel Schlafcouch und Eckbankgruppe, SAT TV und Radio<br>K\u00fcche gut ausgestattet mit Geschirrsp\u00fcler, Mikrowelle, Herd usw.<br>Dusche und WC au\u00dferhalb der Wohnung gleich nebenan<\/p>\n\n\n\n<p><a href=\"http:\/\/urlaub-leitner.at\/wordpress\/wp-content\/uploads\/2024\/11\/Plan-FeWos-web.jpg\" target=\"_blank\" rel=\"noopener\">&#8211; siehe &#8222;orange Wohnung&#8220; auf dem Plan &#8211;<\/a><\/p>\n\n\n\n<h3 class=\"wp-block-heading\"><strong>40 m\u00b2 Appartement f\u00fcr 2-4 Personen<\/strong><\/h3>\n\n\n\n<figure class=\"wp-block-image\"><a href=\"https:\/\/urlaub-leitner.at\/wordpress\/wp-content\/uploads\/2017\/02\/Wohnung-2-4.jpg\" target=\"_blank\" rel=\"noopener\"><img decoding=\"async\" src=\"http:\/\/urlaub-leitner.at\/wordpress\/wp-content\/uploads\/2017\/02\/Wohnung-2-4.jpg\" alt=\"\" class=\"wp-image-113\"\/><\/a><\/figure>\n\n\n<div class=\"wp-block-image\">\n<figure class=\"alignright is-resized\"><a href=\"http:\/\/urlaub-leitner.at\/wordpress\/wp-content\/uploads\/2017\/01\/App-3-K\u00fcche.jpg\" target=\"_blank\" rel=\"noopener\"><img decoding=\"async\" src=\"http:\/\/urlaub-leitner.at\/wordpress\/wp-content\/uploads\/2017\/01\/App-3-K\u00fcche-300x225.jpg\" alt=\"\" class=\"wp-image-114\" style=\"width:300px;height:auto\"\/><\/a><\/figure>\n<\/div>\n\n\n<p><\/p>\n\n\n\n<p class=\"has-text-align-right\">1 Doppelzimmer<br>1 Wohn-Schlafraum mit ausziehbare Doppelcouch und Eckbank Gruppe<br>K\u00fcchenzeile gut ausgestattet mit Geschirrsp\u00fcler, Mikrowelle, Herd, Backofen, K\u00fchlschrank, Kaffeemaschine usw.<br>SAT TV und Radio<br>Badezimmer mit Dusche und WC<\/p>\n\n\n\n<p class=\"has-text-align-right\"><a href=\"http:\/\/urlaub-leitner.at\/wordpress\/wp-content\/uploads\/2024\/11\/Plan-FeWos-web.jpg\" target=\"_blank\" rel=\"noopener\">&#8211; siehe &#8222;lilla Wohnung&#8220; auf dem Plan &#8211;<\/a><\/p>\n\n\n\n<h3 class=\"wp-block-heading\"><strong>85 m\u00b2 Appartement f\u00fcr 4-8 Personen mit Terrasse<\/strong><\/h3>\n\n\n\n<figure class=\"wp-block-image size-full\"><a href=\"http:\/\/urlaub-leitner.at\/wordpress\/wp-content\/uploads\/2025\/01\/Wohnung-4-8.jpg\" target=\"_blank\" rel=\"noopener\"><img loading=\"lazy\" decoding=\"async\" width=\"906\" height=\"225\" src=\"http:\/\/urlaub-leitner.at\/wordpress\/wp-content\/uploads\/2025\/01\/Wohnung-4-8.jpg\" alt=\"\" class=\"wp-image-336\" srcset=\"https:\/\/urlaub-leitner.at\/wordpress\/wp-content\/uploads\/2025\/01\/Wohnung-4-8.jpg 906w, https:\/\/urlaub-leitner.at\/wordpress\/wp-content\/uploads\/2025\/01\/Wohnung-4-8-300x75.jpg 300w, https:\/\/urlaub-leitner.at\/wordpress\/wp-content\/uploads\/2025\/01\/Wohnung-4-8-768x191.jpg 768w\" sizes=\"auto, (max-width: 906px) 100vw, 906px\" \/><\/a><\/figure>\n\n\n<div class=\"wp-block-image\">\n<figure class=\"alignleft is-resized\"><a href=\"http:\/\/urlaub-leitner.at\/wordpress\/wp-content\/uploads\/2025\/01\/App-4-Wohnzimmer.jpeg\" target=\"_blank\" rel=\"noopener\"><img decoding=\"async\" src=\"http:\/\/urlaub-leitner.at\/wordpress\/wp-content\/uploads\/2025\/01\/App-4-Wohnzimmer.jpeg\" alt=\"\" class=\"wp-image-106\" style=\"width:323px;height:auto\"\/><\/a><\/figure>\n<\/div>\n\n\n<p><\/p>\n\n\n\n<p class=\"has-text-align-left\">3 Doppelzimmer<br>2 B\u00e4der mit DU\/WC<br>gem\u00fctlicher Wohn-\/Essbereich mit Sofa (bei Bedarf das Sofa als vollwertiges Bett f\u00fcr 2 Personen), gro\u00dfer Tisch und Eckbank<br>voll eingerichtete K\u00fcche mit E-Herd, Backofen, Geschirrsp\u00fcler, gro\u00dfer K\u00fchlschrank inkl. Gefrierfach, Mikrowelle, Toaster, Wasserkocher, Filterkaffeemaschine<br>2x SAT TV, Radio, WLAN kostenlos<br>gro\u00dfe Terrasse mit Abendsonne (ca. 27m\u00b2)<br>komplett mit Fu\u00dfbodenheizung<\/p>\n\n\n\n<p><a href=\"http:\/\/urlaub-leitner.at\/wordpress\/wp-content\/uploads\/2024\/11\/Plan-FeWo-neu-web.jpg\" target=\"_blank\" rel=\"noreferrer noopener\">&#8211; siehe &#8222;Wohnung NEU&#8220; auf dem Plan &#8211;<\/a><\/p>\n\n\n\n<p class=\"has-text-align-right\"><\/p>\n","protected":false},"excerpt":{"rendered":"<p>&nbsp; Alle Appartements sind zweckm\u00e4\u00dfig, gem\u00fctlich und gleichzeitig charmant in rustikalen Stil komplett eingerichtet. W\u00e4hlen Sie einfach nach ihren W\u00fcnschen die Gr\u00f6\u00dfe der Appartements. &nbsp; 56 m\u00b2 Appartement f\u00fcr 4-7 Personen mit Balkon 2 Doppelzimmer Wohn-Schlafraum mit ausziehbarer Couchecke zum <a class=\"more-link\" href=\"https:\/\/urlaub-leitner.at\/wordpress\/index.php\/appartements\/\">Weiterlesen\u00a0\u2026<\/a><\/p>\n","protected":false},"author":1,"featured_media":0,"parent":0,"menu_order":0,"comment_status":"closed","ping_status":"closed","template":"","meta":{"footnotes":""},"class_list":["post-51","page","type-page","status-publish","hentry"],"_links":{"self":[{"href":"https:\/\/urlaub-leitner.at\/wordpress\/index.php\/wp-json\/wp\/v2\/pages\/51","targetHints":{"allow":["GET"]}}],"collection":[{"href":"https:\/\/urlaub-leitner.at\/wordpress\/index.php\/wp-json\/wp\/v2\/pages"}],"about":[{"href":"https:\/\/urlaub-leitner.at\/wordpress\/index.php\/wp-json\/wp\/v2\/types\/page"}],"author":[{"embeddable":true,"href":"https:\/\/urlaub-leitner.at\/wordpress\/index.php\/wp-json\/wp\/v2\/users\/1"}],"replies":[{"embeddable":true,"href":"https:\/\/urlaub-leitner.at\/wordpress\/index.php\/wp-json\/wp\/v2\/comments?post=51"}],"version-history":[{"count":126,"href":"https:\/\/urlaub-leitner.at\/wordpress\/index.php\/wp-json\/wp\/v2\/pages\/51\/revisions"}],"predecessor-version":[{"id":339,"href":"https:\/\/urlaub-leitner.at\/wordpress\/index.php\/wp-json\/wp\/v2\/pages\/51\/revisions\/339"}],"wp:attachment":[{"href":"https:\/\/urlaub-leitner.at\/wordpress\/index.php\/wp-json\/wp\/v2\/media?parent=51"}],"curies":[{"name":"wp","href":"https:\/\/api.w.org\/{rel}","templated":true}]}}